e 11, what is 2a217 - 1273?
28a54
In base 6, what is -52140 - -201541?
105401
In base 14, what is -9872c12 + -2?
-9872c14
In base 6, what is 141 - 1203234?
-1203053
In base 14, what is 4 + -10b9981?
-10b997b
In base 2, what is 1100011010 + -10011101100010111?
-10011011111111101
In base 4, what is -1022023 - 1330300?
-3012323
In base 14, what is 10c57 - -1c98?
12b11
In base 11, what is 1153 + -276?
988
In base 16, what is -7 - 4fae28?
-4fae2f
In base 15, what is eee6 + -82?
ee64
In base 10, what is -8462 - 171809?
-180271
In base 11, what is -2 - 58734a?
-587351
In base 16, what is -4 + -1c9524?
-1c9528
In base 13, what is b + 4717bb?
4717c9
In base 6, what is -400345223 - 100?
-400345323
In base 3, what is 1010022012 + -220110?
1002101202
In base 5, what is 43014 - -24211221?
24304240
In base 8, what is -4070 - 10424?
-14514
In base 4, what is -2 - 32200332223?
-32200332231
In base 9, what is 57 + -1128402?
-1128334
In base 2, what is 1000101000011100011 + -101111111000?
1000100010011101011
In base 3, what is -22 + -1101212000221112?
-1101212000221211
In base 6, what is -20 - -1041534423?
1041534403
In base 4, what is -11023021 + 22020?
-11001001
In base 9, what is -2 + 1071788?
1071786
In base 9, what is -11583683 - -2?
-11583681
In base 16, what is 33f07 - -5b?
33f62
In base 13, what is -c11b3 - -8b?
-c1125
In base 16, what is -19296e + -32?
-1929a0
In base 16, what is 4869bd + 6?
4869c3
In base 5, what is -4 + -2111224014?
-2111224023
In base 4, what is 0 + 101201103020011?
101201103020011
In base 14, what is -242 + b670?
b42c
In base 8, what is 516230 + 226?
516456
In base 6, what is -42 + -1304104?
-1304150
In base 14, what is 134db9 - -7?
134dc2
In base 7, what is -611024553 - -2?
-611024551
In base 10, what is 81156 - -85?
81241
In base 13, what is 6815c - -351?
684b0
In base 4, what is 103130021221 - -10?
103130021231
In base 6, what is 442 + 1255210?
1300052
In base 6, what is -233100 + -435?
-233535
In base 7, what is -4 - -1330501354?
1330501350
In base 7, what is -315655253 + -2?
-315655255
In base 3, what is -10 - -210120101010?
210120101000
In base 7, what is -20 + 2223215?
2223165
In base 4, what is 10200 + 100113?
110313
In base 9, what is -3 - -1633278?
1633275
In base 2, what is -10011011111101010 + -1110110?
-10011100001100000
In base 2, what is 1111101110010011 + -10011100011?
1111011010110000
In base 5, what is 2 + -1134043210?
-1134043203
In base 6, what is -35 - 54004321?
-54004400
In base 3, what is -1200102012202101 - 22?
-1200102012202200
In base 14, what is 2 + -37ab57?
-37ab55
In base 11, what is -6a98757 - 30?
-6a98787
In base 8, what is -376 + -7514?
-10112
In base 9, what is -135186 + 48?
-135137
In base 2, what is 1110 - 110111010000011001?
-110111010000001011
In base 10, what is -3 + 132158272?
132158269
In base 13, what is -5 + 38a991?
38a989
In base 11, what is -2 + 19495133?
19495131
In base 4, what is 20030 + -321010310?
-320330220
In base 13, what is -11b69185 - 0?
-11b69185
In base 4, what is 21213102 + 21332?
21301100
In base 14, what is 1d1 - -360447?
360638
In base 10, what is -2337 - 28922?
-31259
In base 11, what is -39a10 + -2843?
-41753
In base 13, what is 1a6a439 + -12?
1a6a427
In base 14, what is 3 - 35c9816?
-35c9813
In base 8, what is 3172612136 - 1?
3172612135
In base 13, what is 4c + 978a39?
978a88
In base 9, what is 62176123 + 33?
62176156
In base 14, what is 2186 + 4d6?
267c
In base 13, what is 1892481a - -3?
18924820
In base 3, what is 100112 - -20011101200?
20011202012
In base 7, what is 266 + -105606325?
-105606026
In base 8, what is -1645 - -2001651?
2000004
In base 9, what is -7 + -18626513?
-18626521
In base 15, what is 317ad - 12e?
3167e
In base 3, what is -1002202 - 1112022?
-2122001
In base 4, what is -1012022 + -1022333?
-2101021
In base 3, what is 0 - 12020212010122?
-12020212010122
In base 2, what is -10111110111011101 + 11?
-10111110111011010
In base 5, what is 22333040 - 12110?
22320430
In base 10, what is 103107 - -345?
103452
In base 4, what is -10011 + 102032101?
102022030
In base 16, what is 1366a - -e5?
1374f
In base 5, what is 0 + 110040140213?
110040140213
In base 2, what is -101 - -1001111000110100100101111?
1001111000110100100101010
In base 16, what is 2d58c + 173?
2d6ff
In base 11, what is 4 + -1770814?
-1770810
In base 16, what is 204a985 + b?
204a990
In base 9, what is 186 + 6177057?
6177254
In base 10, what is -4 + 34645619?
34645615
In base 5, what is -1232032111 + 1131?
-1232030430
In base 11, what is -194751629 - -1?
-194751628
In base 9, what is -23 + 310864?
310841
In base 2, what is 100110111000001100101010110 + -1?
100110111000001100101010101
In base 3, what is 1102 - 12101002222?
-12101001120
In base 12, what is -1941219 - 0?
-1941219
In base 2, what is -101110100101 + 100101000101?
-1001100000
In base 6, what is 111 - -2131554155?
2131554310
In base 10, what is -18344 - -474?
-17870
In base 6, what is -242 - 532430?
-533112
In base 4, what is 20223 - 1313122010?
-1313101121
In base 13, what is 35c + 5b5081?
5b5410
In base 12, what is 99 - 4491a?
-44841
In base 5, what is -24 - -421411430?
421411401
In base 15, what is -10b - b2e83?
-b308e
In base 8, what is 3103 + 10466?
13571
In base 7, what is 1350 + 2463441?
2465121
In base 4, what is 31100 - 333320?
-302220
In base 9, what is 8213 + -6506?
1606
In base 3, what is -210011011 - -12000002101?
11012221020
In base 10, what is 108140 + 0?
108140
In base 7, what is 102 + 236541?
236643
In base 3, what is 10011101012021222222 - -11?
10011101012022000010
In base 10, what is 1488751 - -120?
1488871
In base 2, what is -1111001100111101101000000 + 111?
-1111001100111101100111001
In base 2, what is -1100100111 + 11010110001?
1110001010
In base 16, what is -3ea + 73606?
7321c
In base 8, what is 17200 + 15547?
34747
In base 6, what is 1300413255 - 2?
1300413253
In base 3, what is 20202102202202 + 121?
20202102210100
In base 10, what is 57445 + -2096?
55349
In base 14, what is -57c7b0 + 42?
-57c76c
In base 13, what is b2669 - -3?
b266c
In base 13, what is 42a2 - 1c11?
2391
In base 5, what is 441213 + -1444?
434214
In base 13, what is -28 + -a42992?
-a429ba
In base 10, what is 682 + -108922?
-108240
In base 15, what is -c - c6aa7?
-c6ab4
In base 8, what is 652 + 115011?
115663
In base 14, what is -1204 - -d32?
-2b2
In base 9, what is 38 + -15626105?
-15626056
In base 11, what is 1 + -4778992?
-4778991
In base 7, what is 5064464 + 61?
5064555
In base 2, what is -101011000010001 - -1001010111?
-101001110111010
In base 2, what is 10 + 100111010001011111000000000?
100111010001011111000000010
In base 5, what is -4440024 + 1022?
-4434002
In base 8, what is 4177601 - -60?
4177661
In base 7, what is -340361133 + -2?
-340361135
In base 4, what is -11 - 11210010002020?
-11210010002031
In base 16, what is -51c - -5e1e?
5902
In base 10, what is -4300 + 109887?
105587
In base 7, what is -5 - 1651636563?
-1651636601
In base 7, what is 5 + 63505265?
63505303
In base 15, what is -5095 - 4d?
-50e3
In base 2, what is 101010 - -10000110011000111?
10000110011110001
In base 5, what is 1221001221213 - 11?
1221001221202
In base 13, what is -1 - -b7b597?
b7b596
In base 3, what is -112000212202 - 1022200?
-112002012102
In base 5, what is -43 + -222020223?
-222020321
In base 4, what is -2323011311 - -310?
-2323011001
In base 12, what is 14443646 + -5?
14443641
In base 6, what is 412340 - -1412?
414152
In base 3, what is 12 - 201222112202?
-201222112120
In base 16, what is 96c954 + -2?
96c952
In base 13, what is 52 + -1817c0?
-18176b
In base 3, what is -1010 - 1012121000020?
-1012121001100
In base 4, what is 0 + 21030001010220?
21030001010220
In base 11, what is 179 + 47109?
47287
In base 16, what is -586 - 40b1?
-4637
In base 14, what is 2bc17b3 + -4?
2bc17ad
In base 6, what is -3432240 - 105?
-3432345
In base 12, what is -4 + -551bb11?
-551bb15
In base 11, what is 130aaaa - -4?
1310003
In base 15, what is 1e + -bd19a3?
-bd1984
In base 5, what is 1311311313 - -104?
1311311422
In base 2, what is -101111001100100110001 + -1011110?
-101111001100110001111
In base 5, what is -42004 + -21132431?
-21224440
In base 2, what is -111 + -1010010011011100111111?
-1010010011011101000110
In base 8, what is 4473415 + 262?
4473677
In base 2, what is 10000